git of 249083431?
0
What is the units digit of 55082019?
9
What is the ten thousands digit of 274251571?
5
What is the ten millions digit of 500829514?
0
What is the hundreds digit of 95410593?
5
What is the hundred millions digit of 790122630?
7
What is the hundred thousands digit of 5553184?
5
What is the hundred millions digit of 470324670?
4
What is the hundreds digit of 543086216?
2
What is the ten thousands digit of 142450910?
5
What is the hundred millions digit of 120632542?
1
What is the thousands digit of 16782888?
2
What is the tens digit of 955115923?
2
What is the tens digit of 44278082?
8
What is the thousands digit of 111898134?
8
What is the hundreds digit of 333325875?
8
What is the tens digit of 38605896?
9
What is the billions digit of 2629128797?
2
What is the units digit of 2777718381?
1
What is the hundred millions digit of 1891214231?
8
What is the units digit of 49325765?
5
What is the millions digit of 2687848638?
7
What is the ten thousands digit of 8932999113?
9
What is the thousands digit of 1388036855?
6
What is the hundreds digit of 46460813?
8
What is the units digit of 185585485?
5
What is the hundred thousands digit of 552031759?
0
What is the tens digit of 98580143?
4
What is the hundred millions digit of 191845679?
1
What is the thousands digit of 1792159036?
9
What is the tens digit of 20572229?
2
What is the hundreds digit of 321845646?
6
What is the ten millions digit of 49636207?
4
What is the tens digit of 1881965243?
4
What is the hundred millions digit of 1026026997?
0
What is the ten thousands digit of 8185280?
8
What is the thousands digit of 2622193667?
3
What is the thousands digit of 1118545051?
5
What is the ten millions digit of 84965547?
8
What is the hundred thousands digit of 371768818?
7
What is the ten millions digit of 794002888?
9
What is the hundred millions digit of 154749406?
1
What is the hundred millions digit of 148528894?
1
What is the millions digit of 1698106?
1
What is the hundred thousands digit of 69250605?
2
What is the thousands digit of 665231179?
1
What is the millions digit of 44929799?
4
What is the units digit of 38950195?
5
What is the tens digit of 28162713?
1
What is the hundred millions digit of 227670047?
2
What is the tens digit of 439903919?
1
What is the units digit of 111763103?
3
What is the units digit of 97337191?
1
What is the millions digit of 36217625?
6
What is the hundreds digit of 863716586?
5
What is the ten thousands digit of 45641235?
4
What is the units digit of 1478485764?
4
What is the tens digit of 54795463?
6
What is the thousands digit of 39121679?
1
What is the millions digit of 72288416?
2
What is the ten millions digit of 984203186?
8
What is the hundred millions digit of 466904379?
4
What is the millions digit of 260037816?
0
What is the millions digit of 27090101?
7
What is the hundreds digit of 214718981?
9
What is the tens digit of 75429476?
7
What is the hundred thousands digit of 156386814?
3
What is the hundreds digit of 922389617?
6
What is the hundreds digit of 1506172786?
7
What is the thousands digit of 191982529?
2
What is the billions digit of 3908981899?
3
What is the ten thousands digit of 167589802?
8
What is the hundred millions digit of 337543516?
3
What is the hundreds digit of 164358323?
3
What is the billions digit of 1967129624?
1
What is the thousands digit of 220776312?
6
What is the hundred thousands digit of 2507651521?
6
What is the hundred thousands digit of 461594923?
5
What is the tens digit of 1907651205?
0
What is the ten thousands digit of 91845581?
4
What is the ten thousands digit of 326808252?
0
What is the hundreds digit of 1438701446?
4
What is the ten millions digit of 111382710?
1
What is the millions digit of 3094281?
3
What is the hundred thousands digit of 7468568?
4
What is the ten thousands digit of 120745368?
4
What is the units digit of 6797042501?
1
What is the units digit of 1358475190?
0
What is the hundreds digit of 96215512?
5
What is the hundred thousands digit of 989969615?
9
What is the ten millions digit of 463840432?
6
What is the ten millions digit of 1031793457?
3
What is the tens digit of 1514802088?
8
What is the ten millions digit of 1177801318?
7
What is the millions digit of 640490723?
0
What is the hundreds digit of 206278317?
3
What is the hundreds digit of 1901869575?
5
What is the hundred thousands digit of 919309915?
3
What is the thousands digit of 2210470439?
0
What is the ten millions digit of 904218892?
0
What is the units digit of 24847335?
5
What is the hundreds digit of 2297927395?
3
What is the ten thousands digit of 681057159?
5
What is the thousands digit of 87275975?
5
What is the millions digit of 367365155?
7
What is the millions digit of 270693632?
0
What is the units digit of 807917253?
3
What is the hundreds digit of 1805321744?
7
What is the millions digit of 358003237?
8
What is the hundred millions digit of 962456546?
9
What is the units digit of 334492489?
9
What is the millions digit of 1176454694?
6
What is the thousands digit of 3860873620?
3
What is the hundred thousands digit of 59421790?
4
What is the hundred thousands digit of 1171188243?
1
What is the units digit of 273091570?
0
What is the ten millions digit of 767876877?
6
What is the units digit of 484881833?
3
What is the ten millions digit of 3786649853?
8
What is the units digit of 418117205?
5
What is the ten millions digit of 16465982?
1
What is the thousands digit of 4654263606?
3
What is the hundred millions digit of 322990448?
3
What is the tens digit of 520813327?
2
What is the ten thousands digit of 24938337?
3
What is the hundred thousands digit of 884936948?
9
What is the tens digit of 153816022?
2
What is the thousands digit of 1021615065?
5
What is the hundreds digit of 827899067?
0
What is the ten thousands digit of 1345243592?
4
What is the ten thousands digit of 1110368309?
6
What is the millions digit of 208238337?
8
What is the ten millions digit of 149295135?
4
What is the units digit of 263833783?
3
What is the hundreds digit of 24538418?
4
What is the ten thousands digit of 1091593499?
9
What is the hundreds digit of 249823243?
2
What is the millions digit of 101604304?
1
What is the ten thousands digit of 2446346269?
4
What is the ten millions digit of 161594625?
6
What is the hundreds digit of 648884630?
6
What is the units digit of 98722221?
1
What is the thousands digit of 62426567?
6
What is the hundred millions digit of 811003300?
8
What is the tens digit of 498189588?
8
What is the hundreds digit of 187677931?
9
What is the ten thousands digit of 13775001?
7
What is the millions digit of 608379299?
8
What is the hundred thousands digit of 23895381?
8
What is the thousands digit of 670427094?
7
What is the tens digit of 4070882?
8
What is the ten thousands digit of 34284038?
8
What is the ten millions digit of 3816526164?
1
What is the hundreds digit of 85158916?
9
What is the hundred thousands digit of 325353320?
3
What is the ten thousands digit of 2039865111?
6
What is the ten thousands digit of 482831632?
3
What is the ten thousands digit of 56457689?
5
What is the tens digit of 61533505?
0
What is the units digit of 1900544667?
7
What is the hundreds digit of 45638356?
3
What is the units digit of 2498950969?
9
What is the thousands digit of 33216123?
6
What is the millions digit of 1709914081?
9
What is the ten thousands digit of 896414908?
1
What is the units digit of 244655251?
1
What is the thousands digit of 4700541814?
1
What is the units digit of 2161360853?
3
What is the millions digit of 25937957?
5
What is the thousands digit of 2131346848?
6
What is the ten millions digit of 3616416103?
1
What is the hundred millions digit of 647982615?
6
What is the hundred thousands digit of 42103612?
1
What is the millions digit of 703770444?
3
What is the units digit of 243893718?
8
What is the ten thousands digit of 10242037?
4
What is the hundreds digit of 1189408430?
4
What is the millions digit of 34329762?
4
What is the hundred thousands digit of 692812877?
8
What is the ten thousands digit of 17306939?
0
What is the millions digit of 79065693?
9
What is the ten thousands digit of 64172329?
7
What is the hundred thousands digit of 620157780?
1
What is 